{"id":2877,"date":"2022-05-23T18:57:23","date_gmt":"2022-05-23T18:57:23","guid":{"rendered":"https:\/\/mascotasdecordoba.com\/?post_type=product&#038;p=2877"},"modified":"2024-12-03T01:33:26","modified_gmt":"2024-12-03T01:33:26","slug":"schnauzer-3","status":"publish","type":"product","link":"https:\/\/mascotasdecordoba.com\/?product=schnauzer-3","title":{"rendered":"Schnauzer miniatura 3"},"content":{"rendered":"<p>Schnauzer miniatura<\/p>\n<p>Tanto machos como hembras miden unos 30 cm y pesan entre 5 y 10 kg.La cabeza rectangular del perro est\u00e1 adornada con unas pobladas cejas, un gran bigote y una exuberante barba. Se les suelen cortar las orejas para que se mantengan erguidas. En caso contrario, se doblan hacia adelante.La mayor parte de ellos tienen un pelo sal y pimienta, aunque algunos son negros s\u00f3lidos y otros tienen un tono plateadoLos schnauzers miniatura son perritos robustos, atentos e intr\u00e9pidos. Pueden ser muy en\u00e9rgicos y pelearse si se topan con perros que no conocen.Las ganas de jugar de los schnauzers miniatura los convierte en perros ideales para familias con ni\u00f1os con buen comportamiento. Tambi\u00e9n tienen fama de obedientes, de aprender r\u00e1pidamente y de entregarse a su familia.Son perros que se adaptan bien a cualquier situaci\u00f3n. Pueden ser tan felices viviendo en un piso de ciudad saliendo a pasear un par de veces al d\u00eda como en una finca en el campo con un extenso espacio para correr.Al ser esta raza algo osada frente a otros perros, es importante presentar al schnauzer miniatura a otros perros cuando a\u00fan es un cachorro.<\/p>\n<p>Los schnauzers miniatura son perros sociables a los que les encanta estar con su gente. Necesitan fervientemente que se los incluya en las actividades familiares, aunque dichas actividades se centren en ver la televisi\u00f3n o salir a correr.<\/p>\n<p>Como no mudan el pelo, estos perros son ideales para las personas que son al\u00e9rgicas a otras razas. Sin embargo, requieren un aseo habitual; es necesario cepillarles el pelo con frecuencia, recortarles las u\u00f1as y el pelo, as\u00ed como cortar y arrancar el pelaje de forma peri\u00f3dica.<\/p>\n<p>Los schnauzers miniatura envejecen airosamente; no muestran los signos de la edad hasta casi el final de sus vidas. Su esperanza de vida media oscila entre los 12 y los 14 a\u00f1os.<\/p>\n","protected":false},"excerpt":{"rendered":"<div class=\"woocommerce-product-details__short-description\">\n<div class=\"woocommerce-product-details__short-description\">\n<p>Contamos con hembras y machos disponibles<\/p>\n<p>\ud83e\udd70Con mas de 15 a\u00f1os de experiencia en el manejo de estas razas\ud83e\udd70<\/p>\n<p>te invitamos a visitar nuestra pagina de Facebook, Instagram, Tik tok, You tube, nos encontraras como MASCOTAS DE CORDOBA<\/p>\n<p>Todos nuestros ejemplares se entregan:<\/p>\n<p>\ud83d\udc3e Vacunados.<\/p>\n<p>\ud83d\udc3e Desparasitados.<\/p>\n<p>\ud83d\udc3e Con carnet de vacunacion.<\/p>\n<p>\ud83d\udc3e Servicio de estetica canina,<\/p>\n<p>\ud83d\udc3eKit de accesorios de regalo.<\/p>\n<p>\ud83d\udc3ekennel.<\/p>\n<p>\ud83d\udc3e Guia de cuidados y recomendaciones.<\/p>\n<p>\ud83d\udc3e Guia alimentaria<\/p>\n<p>\ud83d\udc3e Juguete anti-estres<\/p>\n<p>\ud83d\udc3e 1 Hora de musicoterapia para mascotas.<\/p>\n<p>\ud83d\udc3e Ejemplares comiendo alimento solido.<\/p>\n<p>\ud83d\udc3e Caudectomia realizada (segun sea la raza).<\/p>\n<p>\ud83d\udc3e Sin registro (pedigree\/CPR) pregunta por nuestros ejemplares con pedegree.<\/p>\n<p>\ud83d\udc3e Aceptamos todas las tarjetas de credito.<\/p>\n<p>\ud83d\udc3erealizamos envios a toda la republica mexicana.<\/p>\n<\/div>\n<p>\ud83d\udc3e \ud83d\udc3e \ud83d\udc3e \u00a1\u00a1\u00a1No lo pienses mas y ponte en contacto con nosotros!!! \ud83d\udc3e \ud83d\udc3e \ud83d\udc3e<\/p>\n<\/div>\n","protected":false},"featured_media":3187,"comment_status":"open","ping_status":"closed","template":"","meta":[],"product_cat":[74],"product_tag":[],"class_list":{"0":"post-2877","1":"product","2":"type-product","3":"status-publish","4":"has-post-thumbnail","6":"product_cat-schnauzer-miniatura","8":"first","9":"instock","10":"shipping-taxable","11":"purchasable","12":"product-type-simple"},"yoast_head":"<!-- This site is optimized with the Yoast SEO plugin v18.9 - https:\/\/yoast.com\/wordpress\/plugins\/seo\/ -->\n<title>Schnauzer miniatura 3 - Mascotas de Cordoba<\/title>\n<meta name=\"robots\" content=\"index, follow, max-snippet:-1, max-image-preview:large, max-video-preview:-1\" \/>\n<link rel=\"canonical\" href=\"https:\/\/mascotasdecordoba.com\/?product=schnauzer-3\" \/>\n<meta property=\"og:locale\" content=\"es_MX\" \/>\n<meta property=\"og:type\" content=\"article\" \/>\n<meta property=\"og:title\" content=\"Schnauzer miniatura 3 - Mascotas de Cordoba\" \/>\n<meta property=\"og:description\" content=\"Contamos con hembras y machos disponibles  \ud83e\udd70Con mas de 15 a\u00f1os de experiencia en el manejo de estas razas\ud83e\udd70  te invitamos a visitar nuestra pagina de Facebook, Instagram, Tik tok, You tube, nos encontraras como MASCOTAS DE CORDOBA  Todos nuestros ejemplares se entregan:  \ud83d\udc3e Vacunados.  \ud83d\udc3e Desparasitados.  \ud83d\udc3e Con carnet de vacunacion.  \ud83d\udc3e Servicio de estetica canina,  \ud83d\udc3eKit de accesorios de regalo.  \ud83d\udc3ekennel.  \ud83d\udc3e Guia de cuidados y recomendaciones.  \ud83d\udc3e Guia alimentaria  \ud83d\udc3e Juguete anti-estres  \ud83d\udc3e 1 Hora de musicoterapia para mascotas.  \ud83d\udc3e Ejemplares comiendo alimento solido.  \ud83d\udc3e Caudectomia realizada (segun sea la raza).  \ud83d\udc3e Sin registro (pedigree\/CPR) pregunta por nuestros ejemplares con pedegree.  \ud83d\udc3e Aceptamos todas las tarjetas de credito.  \ud83d\udc3erealizamos envios a toda la republica mexicana.   \ud83d\udc3e \ud83d\udc3e \ud83d\udc3e \u00a1\u00a1\u00a1No lo pienses mas y ponte en contacto con nosotros!!! \ud83d\udc3e \ud83d\udc3e \ud83d\udc3e\" \/>\n<meta property=\"og:url\" content=\"https:\/\/mascotasdecordoba.com\/?product=schnauzer-3\" \/>\n<meta property=\"og:site_name\" content=\"Mascotas de Cordoba\" \/>\n<meta property=\"article:modified_time\" content=\"2024-12-03T01:33:26+00:00\" \/>\n<meta property=\"og:image\" content=\"https:\/\/mascotasdecordoba.com\/wp-content\/uploads\/2021\/04\/2-8.png\" \/>\n\t<meta property=\"og:image:width\" content=\"1080\" \/>\n\t<meta property=\"og:image:height\" content=\"1080\" \/>\n\t<meta property=\"og:image:type\" content=\"image\/png\" \/>\n<meta name=\"twitter:card\" content=\"summary_large_image\" \/>\n<meta name=\"twitter:label1\" content=\"Tiempo de lectura\" \/>\n\t<meta name=\"twitter:data1\" content=\"2 minutos\" \/>\n<script type=\"application\/ld+json\" class=\"yoast-schema-graph\">{\"@context\":\"https:\/\/schema.org\",\"@graph\":[{\"@type\":\"Organization\",\"@id\":\"https:\/\/mascotasdecordoba.com\/#organization\",\"name\":\"Macotas de Cordoba\",\"url\":\"https:\/\/mascotasdecordoba.com\/\",\"sameAs\":[],\"logo\":{\"@type\":\"ImageObject\",\"inLanguage\":\"es\",\"@id\":\"https:\/\/mascotasdecordoba.com\/#\/schema\/logo\/image\/\",\"url\":\"https:\/\/mascotasdecordoba.com\/wp-content\/uploads\/2022\/07\/Diseno-sin-titulo-1.png\",\"contentUrl\":\"https:\/\/mascotasdecordoba.com\/wp-content\/uploads\/2022\/07\/Diseno-sin-titulo-1.png\",\"width\":940,\"height\":788,\"caption\":\"Macotas de Cordoba\"},\"image\":{\"@id\":\"https:\/\/mascotasdecordoba.com\/#\/schema\/logo\/image\/\"}},{\"@type\":\"WebSite\",\"@id\":\"https:\/\/mascotasdecordoba.com\/#website\",\"url\":\"https:\/\/mascotasdecordoba.com\/\",\"name\":\"Mascotas de Cordoba\",\"description\":\"Tienda de mascotas Criadero de schnauzer miniatura, french poodle minitoy,  Pomerania y pastor belga malinois Envios a todo M\u00e9xico*\",\"publisher\":{\"@id\":\"https:\/\/mascotasdecordoba.com\/#organization\"},\"potentialAction\":[{\"@type\":\"SearchAction\",\"target\":{\"@type\":\"EntryPoint\",\"urlTemplate\":\"https:\/\/mascotasdecordoba.com\/?s={search_term_string}\"},\"query-input\":\"required name=search_term_string\"}],\"inLanguage\":\"es\"},{\"@type\":\"ImageObject\",\"inLanguage\":\"es\",\"@id\":\"https:\/\/mascotasdecordoba.com\/?product=schnauzer-3#primaryimage\",\"url\":\"https:\/\/mascotasdecordoba.com\/wp-content\/uploads\/2021\/04\/2-8.png\",\"contentUrl\":\"https:\/\/mascotasdecordoba.com\/wp-content\/uploads\/2021\/04\/2-8.png\",\"width\":1080,\"height\":1080},{\"@type\":\"WebPage\",\"@id\":\"https:\/\/mascotasdecordoba.com\/?product=schnauzer-3#webpage\",\"url\":\"https:\/\/mascotasdecordoba.com\/?product=schnauzer-3\",\"name\":\"Schnauzer miniatura 3 - Mascotas de Cordoba\",\"isPartOf\":{\"@id\":\"https:\/\/mascotasdecordoba.com\/#website\"},\"primaryImageOfPage\":{\"@id\":\"https:\/\/mascotasdecordoba.com\/?product=schnauzer-3#primaryimage\"},\"datePublished\":\"2022-05-23T18:57:23+00:00\",\"dateModified\":\"2024-12-03T01:33:26+00:00\",\"breadcrumb\":{\"@id\":\"https:\/\/mascotasdecordoba.com\/?product=schnauzer-3#breadcrumb\"},\"inLanguage\":\"es\",\"potentialAction\":[{\"@type\":\"ReadAction\",\"target\":[\"https:\/\/mascotasdecordoba.com\/?product=schnauzer-3\"]}]},{\"@type\":\"BreadcrumbList\",\"@id\":\"https:\/\/mascotasdecordoba.com\/?product=schnauzer-3#breadcrumb\",\"itemListElement\":[{\"@type\":\"ListItem\",\"position\":1,\"name\":\"Inicio\",\"item\":\"https:\/\/mascotasdecordoba.com\/\"},{\"@type\":\"ListItem\",\"position\":2,\"name\":\"Tienda\",\"item\":\"https:\/\/mascotasdecordoba.com\/?page_id=6\"},{\"@type\":\"ListItem\",\"position\":3,\"name\":\"Schnauzer miniatura 3\"}]}]}<\/script>\n<!-- \/ Yoast SEO plugin. -->","yoast_head_json":{"title":"Schnauzer miniatura 3 - Mascotas de Cordoba","robots":{"index":"index","follow":"follow","max-snippet":"max-snippet:-1","max-image-preview":"max-image-preview:large","max-video-preview":"max-video-preview:-1"},"canonical":"https:\/\/mascotasdecordoba.com\/?product=schnauzer-3","og_locale":"es_MX","og_type":"article","og_title":"Schnauzer miniatura 3 - Mascotas de Cordoba","og_description":"Contamos con hembras y machos disponibles  \ud83e\udd70Con mas de 15 a\u00f1os de experiencia en el manejo de estas razas\ud83e\udd70  te invitamos a visitar nuestra pagina de Facebook, Instagram, Tik tok, You tube, nos encontraras como MASCOTAS DE CORDOBA  Todos nuestros ejemplares se entregan:  \ud83d\udc3e Vacunados.  \ud83d\udc3e Desparasitados.  \ud83d\udc3e Con carnet de vacunacion.  \ud83d\udc3e Servicio de estetica canina,  \ud83d\udc3eKit de accesorios de regalo.  \ud83d\udc3ekennel.  \ud83d\udc3e Guia de cuidados y recomendaciones.  \ud83d\udc3e Guia alimentaria  \ud83d\udc3e Juguete anti-estres  \ud83d\udc3e 1 Hora de musicoterapia para mascotas.  \ud83d\udc3e Ejemplares comiendo alimento solido.  \ud83d\udc3e Caudectomia realizada (segun sea la raza).  \ud83d\udc3e Sin registro (pedigree\/CPR) pregunta por nuestros ejemplares con pedegree.  \ud83d\udc3e Aceptamos todas las tarjetas de credito.  \ud83d\udc3erealizamos envios a toda la republica mexicana.   \ud83d\udc3e \ud83d\udc3e \ud83d\udc3e \u00a1\u00a1\u00a1No lo pienses mas y ponte en contacto con nosotros!!! \ud83d\udc3e \ud83d\udc3e \ud83d\udc3e","og_url":"https:\/\/mascotasdecordoba.com\/?product=schnauzer-3","og_site_name":"Mascotas de Cordoba","article_modified_time":"2024-12-03T01:33:26+00:00","og_image":[{"width":1080,"height":1080,"url":"https:\/\/mascotasdecordoba.com\/wp-content\/uploads\/2021\/04\/2-8.png","type":"image\/png"}],"twitter_card":"summary_large_image","twitter_misc":{"Tiempo de lectura":"2 minutos"},"schema":{"@context":"https:\/\/schema.org","@graph":[{"@type":"Organization","@id":"https:\/\/mascotasdecordoba.com\/#organization","name":"Macotas de Cordoba","url":"https:\/\/mascotasdecordoba.com\/","sameAs":[],"logo":{"@type":"ImageObject","inLanguage":"es","@id":"https:\/\/mascotasdecordoba.com\/#\/schema\/logo\/image\/","url":"https:\/\/mascotasdecordoba.com\/wp-content\/uploads\/2022\/07\/Diseno-sin-titulo-1.png","contentUrl":"https:\/\/mascotasdecordoba.com\/wp-content\/uploads\/2022\/07\/Diseno-sin-titulo-1.png","width":940,"height":788,"caption":"Macotas de Cordoba"},"image":{"@id":"https:\/\/mascotasdecordoba.com\/#\/schema\/logo\/image\/"}},{"@type":"WebSite","@id":"https:\/\/mascotasdecordoba.com\/#website","url":"https:\/\/mascotasdecordoba.com\/","name":"Mascotas de Cordoba","description":"Tienda de mascotas Criadero de schnauzer miniatura, french poodle minitoy,  Pomerania y pastor belga malinois Envios a todo M\u00e9xico*","publisher":{"@id":"https:\/\/mascotasdecordoba.com\/#organization"},"potentialAction":[{"@type":"SearchAction","target":{"@type":"EntryPoint","urlTemplate":"https:\/\/mascotasdecordoba.com\/?s={search_term_string}"},"query-input":"required name=search_term_string"}],"inLanguage":"es"},{"@type":"ImageObject","inLanguage":"es","@id":"https:\/\/mascotasdecordoba.com\/?product=schnauzer-3#primaryimage","url":"https:\/\/mascotasdecordoba.com\/wp-content\/uploads\/2021\/04\/2-8.png","contentUrl":"https:\/\/mascotasdecordoba.com\/wp-content\/uploads\/2021\/04\/2-8.png","width":1080,"height":1080},{"@type":"WebPage","@id":"https:\/\/mascotasdecordoba.com\/?product=schnauzer-3#webpage","url":"https:\/\/mascotasdecordoba.com\/?product=schnauzer-3","name":"Schnauzer miniatura 3 - Mascotas de Cordoba","isPartOf":{"@id":"https:\/\/mascotasdecordoba.com\/#website"},"primaryImageOfPage":{"@id":"https:\/\/mascotasdecordoba.com\/?product=schnauzer-3#primaryimage"},"datePublished":"2022-05-23T18:57:23+00:00","dateModified":"2024-12-03T01:33:26+00:00","breadcrumb":{"@id":"https:\/\/mascotasdecordoba.com\/?product=schnauzer-3#breadcrumb"},"inLanguage":"es","potentialAction":[{"@type":"ReadAction","target":["https:\/\/mascotasdecordoba.com\/?product=schnauzer-3"]}]},{"@type":"BreadcrumbList","@id":"https:\/\/mascotasdecordoba.com\/?product=schnauzer-3#breadcrumb","itemListElement":[{"@type":"ListItem","position":1,"name":"Inicio","item":"https:\/\/mascotasdecordoba.com\/"},{"@type":"ListItem","position":2,"name":"Tienda","item":"https:\/\/mascotasdecordoba.com\/?page_id=6"},{"@type":"ListItem","position":3,"name":"Schnauzer miniatura 3"}]}]}},"_links":{"self":[{"href":"https:\/\/mascotasdecordoba.com\/index.php?rest_route=\/wp\/v2\/product\/2877","targetHints":{"allow":["GET"]}}],"collection":[{"href":"https:\/\/mascotasdecordoba.com\/index.php?rest_route=\/wp\/v2\/product"}],"about":[{"href":"https:\/\/mascotasdecordoba.com\/index.php?rest_route=\/wp\/v2\/types\/product"}],"replies":[{"embeddable":true,"href":"https:\/\/mascotasdecordoba.com\/index.php?rest_route=%2Fwp%2Fv2%2Fcomments&post=2877"}],"wp:featuredmedia":[{"embeddable":true,"href":"https:\/\/mascotasdecordoba.com\/index.php?rest_route=\/wp\/v2\/media\/3187"}],"wp:attachment":[{"href":"https:\/\/mascotasdecordoba.com\/index.php?rest_route=%2Fwp%2Fv2%2Fmedia&parent=2877"}],"wp:term":[{"taxonomy":"product_cat","embeddable":true,"href":"https:\/\/mascotasdecordoba.com\/index.php?rest_route=%2Fwp%2Fv2%2Fproduct_cat&post=2877"},{"taxonomy":"product_tag","embeddable":true,"href":"https:\/\/mascotasdecordoba.com\/index.php?rest_route=%2Fwp%2Fv2%2Fproduct_tag&post=2877"}],"curies":[{"name":"wp","href":"https:\/\/api.w.org\/{rel}","templated":true}]}}